{"id":836,"date":"2024-07-03T18:34:41","date_gmt":"2024-07-03T16:34:41","guid":{"rendered":"https:\/\/www.tushuesten.de\/web\/?page_id=836"},"modified":"2026-01-08T14:46:27","modified_gmt":"2026-01-08T13:46:27","slug":"kinderturnen-holzen-3-4-jahre","status":"publish","type":"page","link":"https:\/\/www.tushuesten.de\/web\/kinderturnen-holzen-3-4-jahre\/","title":{"rendered":"Kinderturnen Holzen 3-4 Jahre"},"content":{"rendered":"<p style=\"box-sizing: inherit; margin-bottom: 1.5em; color: #353535; font-family: Roboto, arial, helvetica, sans-serif; text-align: center;\"><strong style=\"box-sizing: inherit;\">Termin: Freitags von 16:15 Uhr \u2013 17:15 Uhr<\/strong><br style=\"box-sizing: inherit;\" \/><strong style=\"box-sizing: inherit;\">Ort: Sporthalle in Holzen<\/strong><\/p>\n<p style=\"box-sizing: inherit; margin-bottom: 1.5em; color: #353535; font-family: Roboto, arial, helvetica, sans-serif; text-align: center;\"><strong style=\"box-sizing: inherit;\">Alter: 3-4 Jahre<\/strong><\/p>\n<p style=\"box-sizing: inherit; margin-bottom: 1.5em; color: #353535; font-family: Roboto, arial, helvetica, sans-serif; text-align: center;\"><em style=\"box-sizing: inherit;\">Warteliste!Bitte anmelden.<\/em><\/p>\n<p style=\"box-sizing: inherit; margin-bottom: 1.5em; color: #353535; font-family: Roboto, arial, helvetica, sans-serif;\"><strong style=\"box-sizing: inherit;\">Bewegung macht Spa\u00df!<\/strong><\/p>\n<p style=\"box-sizing: inherit; margin-bottom: 1.5em; color: #353535; font-family: Roboto, arial, helvetica, sans-serif;\">Beim Kinderturnen steht der gemeinsam Spa\u00df an der Bewegung sowie spielerisch die verschiedenen Turnger\u00e4te kennenlernen im Mittelpunkt. Nach einer kurzen Begr\u00fc\u00dfung und einem Aufw\u00e4rmspiel haben die Kinder die M\u00f6glichkeit ihren Bewegungsdrang an mehreren Turnstationen nachzugehen. Uns ist es wichtig das Selbstvertrauen, das Sozialverhalten und den Spa\u00df an Bewegung der Kinder zu f\u00f6rdern.<\/p>\n<p style=\"box-sizing: inherit; margin-bottom: 1.5em; color: #353535; font-family: Roboto, arial, helvetica, sans-serif;\"><strong style=\"box-sizing: inherit;\">\u00dcbungsleiterin:<\/strong><\/p>\n<p style=\"box-sizing: inherit; margin-bottom: 1.5em; color: #353535; font-family: Roboto, arial, helvetica, sans-serif;\">Nicole Sch\u00e4fer<\/p>\n<p>&nbsp;<\/p>\n<p>&nbsp;<\/p>\n","protected":false},"excerpt":{"rendered":"<p>Termin: Freitags von 16:15 Uhr \u2013 17:15 UhrOrt: Sporthalle in Holzen Alter: 3-4 Jahre Warteliste!Bitte anmelden. Bewegung macht Spa\u00df! Beim Kinderturnen steht der gemeinsam Spa\u00df an der Bewegung sowie spielerisch die verschiedenen Turnger\u00e4te kennenlernen im<\/p>\n","protected":false},"author":2,"featured_media":0,"parent":0,"menu_order":0,"comment_status":"closed","ping_status":"closed","template":"","meta":[],"_links":{"self":[{"href":"https:\/\/www.tushuesten.de\/web\/wp-json\/wp\/v2\/pages\/836"}],"collection":[{"href":"https:\/\/www.tushuesten.de\/web\/wp-json\/wp\/v2\/pages"}],"about":[{"href":"https:\/\/www.tushuesten.de\/web\/wp-json\/wp\/v2\/types\/page"}],"author":[{"embeddable":true,"href":"https:\/\/www.tushuesten.de\/web\/wp-json\/wp\/v2\/users\/2"}],"replies":[{"embeddable":true,"href":"https:\/\/www.tushuesten.de\/web\/wp-json\/wp\/v2\/comments?post=836"}],"version-history":[{"count":6,"href":"https:\/\/www.tushuesten.de\/web\/wp-json\/wp\/v2\/pages\/836\/revisions"}],"predecessor-version":[{"id":985,"href":"https:\/\/www.tushuesten.de\/web\/wp-json\/wp\/v2\/pages\/836\/revisions\/985"}],"wp:attachment":[{"href":"https:\/\/www.tushuesten.de\/web\/wp-json\/wp\/v2\/media?parent=836"}],"curies":[{"name":"wp","href":"https:\/\/api.w.org\/{rel}","templated":true}]}}