{"id":67,"date":"2020-11-06T10:49:58","date_gmt":"2020-11-06T09:49:58","guid":{"rendered":"http:\/\/www.tushuesten.de\/web\/?page_id=67"},"modified":"2026-01-08T14:48:07","modified_gmt":"2026-01-08T13:48:07","slug":"kinderturnen-holzen","status":"publish","type":"page","link":"https:\/\/www.tushuesten.de\/web\/kinderturnen-holzen\/","title":{"rendered":"Kinderturnen Holzen 5-7 Jahre(Code 17)"},"content":{"rendered":"<ol>\n<li><img decoding=\"async\" loading=\"lazy\" class=\" wp-image-238 alignright\" src=\"https:\/\/www.tushuesten.de\/web\/wp-content\/uploads\/2020\/12\/20191121_180043-hp-e1607440859821-300x167.jpg\" alt=\"\" width=\"346\" height=\"193\" srcset=\"https:\/\/www.tushuesten.de\/web\/wp-content\/uploads\/2020\/12\/20191121_180043-hp-e1607440859821-300x167.jpg 300w, https:\/\/www.tushuesten.de\/web\/wp-content\/uploads\/2020\/12\/20191121_180043-hp-e1607440859821-1024x569.jpg 1024w, https:\/\/www.tushuesten.de\/web\/wp-content\/uploads\/2020\/12\/20191121_180043-hp-e1607440859821-768x426.jpg 768w, https:\/\/www.tushuesten.de\/web\/wp-content\/uploads\/2020\/12\/20191121_180043-hp-e1607440859821.jpg 1513w\" sizes=\"(max-width: 346px) 100vw, 346px\" \/><img decoding=\"async\" loading=\"lazy\" class=\"wp-image-236 alignleft\" src=\"https:\/\/www.tushuesten.de\/web\/wp-content\/uploads\/2020\/12\/IMG_20200924_180733-hp-e1607440728663-300x239.jpg\" alt=\"\" width=\"258\" height=\"206\" srcset=\"https:\/\/www.tushuesten.de\/web\/wp-content\/uploads\/2020\/12\/IMG_20200924_180733-hp-e1607440728663-300x239.jpg 300w, https:\/\/www.tushuesten.de\/web\/wp-content\/uploads\/2020\/12\/IMG_20200924_180733-hp-e1607440728663-1024x817.jpg 1024w, https:\/\/www.tushuesten.de\/web\/wp-content\/uploads\/2020\/12\/IMG_20200924_180733-hp-e1607440728663-768x613.jpg 768w, https:\/\/www.tushuesten.de\/web\/wp-content\/uploads\/2020\/12\/IMG_20200924_180733-hp-e1607440728663.jpg 1211w\" sizes=\"(max-width: 258px) 100vw, 258px\" \/><\/li>\n<\/ol>\n<p>&nbsp;<\/p>\n<p>&nbsp;<\/p>\n<p>&nbsp;<\/p>\n<p>&nbsp;<\/p>\n<p>&nbsp;<\/p>\n<p>&nbsp;<\/p>\n<p style=\"text-align: center;\"><strong>Termin: Dienstags von 17:15 Uhr &#8211; 18:15 Uhr<\/strong><br \/>\n<strong>Ort: Sporthalle in Holzen<\/strong><\/p>\n<p style=\"text-align: center;\"><strong>Alter: 5-7 Jahre<\/strong><\/p>\n<p style=\"text-align: center;\"><em>Warteliste!Bitte anmelden.<\/em><\/p>\n<p><strong>Bewegung macht Spa\u00df!<\/strong><\/p>\n<p>Beim Kinderturnen steht der gemeinsam Spa\u00df an der Bewegung sowie spielerisch die verschiedenen Turnger\u00e4te kennenlernen im Mittelpunkt. Nach einer kurzen Begr\u00fc\u00dfung und einem Aufw\u00e4rmspiel haben die Kinder die M\u00f6glichkeit ihren Bewegungsdrang an mehreren Turnstationen nachzugehen. Uns ist es wichtig das Selbstvertrauen, das Sozialverhalten und den Spa\u00df an Bewegung der Kinder zu f\u00f6rdern.<\/p>\n<p><strong>\u00dcbungsleiterin:<\/strong><\/p>\n<p>Nicole Sch\u00e4fer<\/p>\n<p><strong>\u00dcbungshelferinnen<\/strong>:<\/p>\n<p>Merle Deimel<\/p>\n<p>(Info-Tel.: 0172 6126541 Vereinshandy )<\/p>\n","protected":false},"excerpt":{"rendered":"<p>&nbsp; &nbsp; &nbsp; &nbsp; &nbsp; &nbsp; Termin: Dienstags von 17:15 Uhr &#8211; 18:15 Uhr Ort: Sporthalle in Holzen Alter: 5-7 Jahre Warteliste!Bitte anmelden. Bewegung macht Spa\u00df! Beim Kinderturnen steht der gemeinsam Spa\u00df an der Bewegung<\/p>\n","protected":false},"author":1,"featured_media":0,"parent":0,"menu_order":0,"comment_status":"closed","ping_status":"closed","template":"","meta":[],"_links":{"self":[{"href":"https:\/\/www.tushuesten.de\/web\/wp-json\/wp\/v2\/pages\/67"}],"collection":[{"href":"https:\/\/www.tushuesten.de\/web\/wp-json\/wp\/v2\/pages"}],"about":[{"href":"https:\/\/www.tushuesten.de\/web\/wp-json\/wp\/v2\/types\/page"}],"author":[{"embeddable":true,"href":"https:\/\/www.tushuesten.de\/web\/wp-json\/wp\/v2\/users\/1"}],"replies":[{"embeddable":true,"href":"https:\/\/www.tushuesten.de\/web\/wp-json\/wp\/v2\/comments?post=67"}],"version-history":[{"count":15,"href":"https:\/\/www.tushuesten.de\/web\/wp-json\/wp\/v2\/pages\/67\/revisions"}],"predecessor-version":[{"id":986,"href":"https:\/\/www.tushuesten.de\/web\/wp-json\/wp\/v2\/pages\/67\/revisions\/986"}],"wp:attachment":[{"href":"https:\/\/www.tushuesten.de\/web\/wp-json\/wp\/v2\/media?parent=67"}],"curies":[{"name":"wp","href":"https:\/\/api.w.org\/{rel}","templated":true}]}}