{"id":37,"date":"2020-11-06T10:29:35","date_gmt":"2020-11-06T09:29:35","guid":{"rendered":"http:\/\/www.tushuesten.de\/web\/?page_id=37"},"modified":"2025-07-16T22:43:14","modified_gmt":"2025-07-16T20:43:14","slug":"anmeldung-beitraege","status":"publish","type":"page","link":"https:\/\/www.tushuesten.de\/web\/anmeldung-beitraege\/","title":{"rendered":"Anmeldung,Beitr\u00e4ge, Datenschutzerkl\u00e4rung,Formulare"},"content":{"rendered":"<p><strong><em>Kostenlose Schnupperstunden sind jederzeit m\u00f6glich!<\/em><\/strong><\/p>\n<table border=\"0\" width=\"100%\">\n<tbody>\n<tr>\n<td>Erwachsene (ab 18)<\/td>\n<td style=\"text-align: center;\">8,00 \u20ac<\/td>\n<\/tr>\n<tr>\n<td>Kinder\/Jugendliche (bis 17)<\/td>\n<td style=\"text-align: center;\">5,00 \u20ac*<\/td>\n<\/tr>\n<tr>\n<td>Azubis\/Sch\u00fcler und Studenten<\/td>\n<td style=\"text-align: center;\">5,00 \u20ac<\/td>\n<\/tr>\n<tr>\n<td>Passive Mitglieder<\/td>\n<td style=\"text-align: center;\">3,00 \u20ac<\/td>\n<\/tr>\n<tr>\n<td>Zusatzbeitrag (ZB)<\/td>\n<td style=\"text-align: center;\">3,00 \u20ac<\/td>\n<\/tr>\n<tr>\n<td>ZB Taekwon Do<\/td>\n<td style=\"text-align: center;\">5,50 \u20ac<\/td>\n<\/tr>\n<\/tbody>\n<\/table>\n<p><i><em>* Jedes weitere Kind einer Familie bezahlt nur die H\u00e4lfte des Beitrages.<\/em><\/i><\/p>\n<p>&#8222;Zusatzbeitr\u00e4ge&#8220; (ZB) sind bei ausgew\u00e4hlten Angeboten notwendig und<br \/>\nwerden f\u00fcr jedes Mitglied, auch f\u00fcr jedes Kind einer Familie, voll erhoben.<br \/>\nBitte entnehmen Sie der Tabelle mit den Trainingszeiten die betroffenen Angeboten.<\/p>\n<p>Bei der Mitgliedschaft einer gesamten Familie kann nach Anfrage beim Vorstand ein gesonderter Familienbeitrag vereinbart werden.<\/p>\n<p>Anmeldeformular zum Download als PDF-Dokument\u00a0<a href=\"https:\/\/www.tushuesten.de\/web\/wp-content\/uploads\/2025\/07\/202507_beitrittserklaerung_tus.pdf\">Beitrittserkl\u00e4rung 2025<\/a><\/p>\n<p>Datenschutzerkl\u00e4rung zum Download als PDF-Dokument <a href=\"https:\/\/www.tushuesten.de\/web\/wp-content\/uploads\/2021\/04\/Einwilligung_Seite1-2.pdf\">Hier klicken! <\/a><\/p>\n<p>Datenschutzinformation <a href=\"https:\/\/www.tushuesten.de\/web\/wp-content\/uploads\/2021\/04\/Informationspflichten_seite3-4.pdf\">Hier klicken<\/a><\/p>\n<p>&nbsp;<\/p>\n<p><strong>F\u00fcr unsere \u00dcbungsleiter\/innen und \u00dcbungshelfer\/innen<\/strong>:<\/p>\n<p>Abrechnungsformular:\u00a0<strong><a href=\"https:\/\/www.tushuesten.de\/web\/anmeldung-beitraege\/tus-abrechnungvorlage-uebungsleiter-und-helfer\/\" rel=\"attachment wp-att-626\">TUS Abrechnungvorlage \u00dcbungsleiter und -helfer<\/a><\/strong><\/p>\n<p>Teilnehmerliste: <a href=\"https:\/\/www.tushuesten.de\/web\/anmeldung-beitraege\/tus-anwesenheitsliste-aktuell\/\" rel=\"attachment wp-att-627\">TUS Teilnehmerliste<\/a><\/p>\n","protected":false},"excerpt":{"rendered":"<p>Kostenlose Schnupperstunden sind jederzeit m\u00f6glich! Erwachsene (ab 18) 8,00 \u20ac Kinder\/Jugendliche (bis 17) 5,00 \u20ac* Azubis\/Sch\u00fcler und Studenten 5,00 \u20ac Passive Mitglieder 3,00 \u20ac Zusatzbeitrag (ZB) 3,00 \u20ac ZB Taekwon Do 5,50 \u20ac * Jedes<\/p>\n","protected":false},"author":1,"featured_media":0,"parent":0,"menu_order":0,"comment_status":"closed","ping_status":"closed","template":"","meta":[],"_links":{"self":[{"href":"https:\/\/www.tushuesten.de\/web\/wp-json\/wp\/v2\/pages\/37"}],"collection":[{"href":"https:\/\/www.tushuesten.de\/web\/wp-json\/wp\/v2\/pages"}],"about":[{"href":"https:\/\/www.tushuesten.de\/web\/wp-json\/wp\/v2\/types\/page"}],"author":[{"embeddable":true,"href":"https:\/\/www.tushuesten.de\/web\/wp-json\/wp\/v2\/users\/1"}],"replies":[{"embeddable":true,"href":"https:\/\/www.tushuesten.de\/web\/wp-json\/wp\/v2\/comments?post=37"}],"version-history":[{"count":8,"href":"https:\/\/www.tushuesten.de\/web\/wp-json\/wp\/v2\/pages\/37\/revisions"}],"predecessor-version":[{"id":830,"href":"https:\/\/www.tushuesten.de\/web\/wp-json\/wp\/v2\/pages\/37\/revisions\/830"}],"wp:attachment":[{"href":"https:\/\/www.tushuesten.de\/web\/wp-json\/wp\/v2\/media?parent=37"}],"curies":[{"name":"wp","href":"https:\/\/api.w.org\/{rel}","templated":true}]}}