{"id":100,"date":"2020-11-06T11:05:53","date_gmt":"2020-11-06T10:05:53","guid":{"rendered":"http:\/\/www.tushuesten.de\/web\/?page_id=100"},"modified":"2026-01-23T19:21:17","modified_gmt":"2026-01-23T18:21:17","slug":"turnen-ab-6-jahren-code-13","status":"publish","type":"page","link":"https:\/\/www.tushuesten.de\/web\/turnen-ab-6-jahren-code-13\/","title":{"rendered":"Spiel und Sport ab 6 Jahren (Code 13)"},"content":{"rendered":"<blockquote><p>&nbsp;<\/p><\/blockquote>\n<p style=\"text-align: center;\"><strong>Termin: Dienstags von 16:00 Uhr &#8211; 17:00 Uhr<br \/>\nOrt: SPH M\u00fchlenberg<\/strong><\/p>\n<p style=\"text-align: center;\"><em>Warteliste! Bitte anmelden!<\/em><\/p>\n<p><strong>Auch Jungen sind bei uns herzlich Willkommen!<\/strong><\/p>\n<p><strong>Bewegung, Spa\u00df, Kreativit\u00e4t!<\/strong><\/p>\n<p>Bei uns kannst du Spa\u00df am Sport entdecken und deiner Kreativit\u00e4t im Spiel freien Lauf lassen. Wir turnen an Ger\u00e4ten, mit Alltagsmaterialien, mit Luftballons oder B\u00e4llen und spielen eine Vielfalt von Lauf-, Fang-, Ball-, und Bewegungsspielen.<\/p>\n<p>Wir wollen miteinander die Vielfalt des Sportes erleben und durch spielerisches Gestalten den Spa\u00df an der Bewegung f\u00f6rdern.<\/p>\n<p><strong>Auch Jungen sind bei uns herzlich Willkommen<\/strong><\/p>\n<p><strong>\u00dcbungsleiterin:<\/strong><br \/>\nLaura Vincke<\/p>\n<p><strong>\u00dcbungshelferin<\/strong>: Bea Aukam<\/p>\n<p>(Tel: 01726126541 Vereinshandy)<\/p>\n","protected":false},"excerpt":{"rendered":"<p>&nbsp; Termin: Dienstags von 16:00 Uhr &#8211; 17:00 Uhr Ort: SPH M\u00fchlenberg Warteliste! Bitte anmelden! Auch Jungen sind bei uns herzlich Willkommen! Bewegung, Spa\u00df, Kreativit\u00e4t! Bei uns kannst du Spa\u00df am Sport entdecken und deiner<\/p>\n","protected":false},"author":1,"featured_media":0,"parent":0,"menu_order":0,"comment_status":"closed","ping_status":"closed","template":"","meta":[],"_links":{"self":[{"href":"https:\/\/www.tushuesten.de\/web\/wp-json\/wp\/v2\/pages\/100"}],"collection":[{"href":"https:\/\/www.tushuesten.de\/web\/wp-json\/wp\/v2\/pages"}],"about":[{"href":"https:\/\/www.tushuesten.de\/web\/wp-json\/wp\/v2\/types\/page"}],"author":[{"embeddable":true,"href":"https:\/\/www.tushuesten.de\/web\/wp-json\/wp\/v2\/users\/1"}],"replies":[{"embeddable":true,"href":"https:\/\/www.tushuesten.de\/web\/wp-json\/wp\/v2\/comments?post=100"}],"version-history":[{"count":11,"href":"https:\/\/www.tushuesten.de\/web\/wp-json\/wp\/v2\/pages\/100\/revisions"}],"predecessor-version":[{"id":991,"href":"https:\/\/www.tushuesten.de\/web\/wp-json\/wp\/v2\/pages\/100\/revisions\/991"}],"wp:attachment":[{"href":"https:\/\/www.tushuesten.de\/web\/wp-json\/wp\/v2\/media?parent=100"}],"curies":[{"name":"wp","href":"https:\/\/api.w.org\/{rel}","templated":true}]}}